200212202?
-102201000022
In base 2, what is -1001110000011001010100 - 1111?
-1001110000011001100011
In base 5, what is -4 + 21233044343?
21233044334
In base 12, what is 2a301a - -67?
2a3085
In base 4, what is -1320220202 + -10312?
-1320231120
In base 16, what is -8966df9 + -5?
-8966dfe
In base 2, what is -1100000001111000 - 11110100100?
-1100100000011100
In base 12, what is 4 + -393a46?
-393a42
In base 15, what is c7eb01 + 6?
c7eb07
In base 12, what is 2a00 + 125a6?
153a6
In base 9, what is -482 + -10366?
-10858
In base 8, what is -10 - 453570?
-453600
In base 15, what is 88509 - 460?
88099
In base 12, what is 2 + -724a70?
-724a6a
In base 13, what is -1c7c377b - -4?
-1c7c3777
In base 5, what is -12424101 - 120121?
-13044222
In base 5, what is -1213 - -10321414?
10320201
In base 13, what is -c20366 - -21?
-c20345
In base 7, what is -15 - -1443615?
1443600
In base 16, what is 146 - -9fd?
b43
In base 4, what is 1110 + -2003222?
-2002112
In base 13, what is 10657 - 626?
10031
In base 4, what is 1021103130002 + 0?
1021103130002
In base 4, what is -2001033322 + -1?
-2001033323
In base 6, what is 41401 - 1221315?
-1135514
In base 8, what is -5 + 2123477473?
2123477466
In base 2, what is 111010100 - -111111101110100?
1000000101001000
In base 6, what is -3150543 - -135?
-3150404
In base 8, what is -37024 + -7176?
-46222
In base 14, what is -95109 - 46?
-95151
In base 12, what is -836 + -36885?
-374bb
In base 14, what is 405749 + 42?
40578b
In base 10, what is -41811 + 665?
-41146
In base 14, what is -d28 - -7681?
6757
In base 7, what is 25 - 12342124?
-12342066
In base 13, what is 4 - 142ac4?
-142ac0
In base 6, what is 3523054 + -140?
3522514
In base 9, what is -3735051 + -6?
-3735057
In base 16, what is -42e5a460 + 0?
-42e5a460
In base 9, what is -8 + 14201151?
14201142
In base 11, what is -1185227a + -4?
-11852283
In base 16, what is -a7f13d + 1?
-a7f13c
In base 4, what is 10 + 22010121233?
22010121303
In base 3, what is 1111012110 - 12?
1111012021
In base 12, what is 67 - 27a420?
-27a375
In base 8, what is -7637 - 3512?
-13351
In base 10, what is 277 - 3742069?
-3741792
In base 11, what is -966 - 1939?
-27a4
In base 16, what is 48 + -198b1?
-19869
In base 4, what is 1210 + 112312031?
112313301
In base 15, what is 10c10 - -e75?
11b85
In base 8, what is 423247347 + 5?
423247354
In base 11, what is -5a61a + 1427?
-591a3
In base 13, what is 3 - -b16602a?
b166030
In base 15, what is -273c96a - 0?
-273c96a
In base 8, what is 4 + -53220344?
-53220340
In base 7, what is -410 + -13420101?
-13420511
In base 5, what is -43312 - -2324220?
2230403
In base 2, what is -101101010001110010101110001 + 10?
-101101010001110010101101111
In base 6, what is -20300405 + 4550?
-20251415
In base 5, what is 434444020 - 210?
434443310
In base 15, what is 2633a7a - -1b?
2633a96
In base 13, what is -10 + -275a15b?
-275a16b
In base 8, what is -70205 - 3130?
-73335
In base 9, what is 3366 - 4773?
-1406
In base 5, what is 214443333421 - -2?
214443333423
In base 11, what is 14497 + -169?
14329
In base 7, what is 4510120 + 230?
4510350
In base 15, what is -202b - 6a6?
-26d2
In base 4, what is 1310 + -211331133?
-211323223
In base 11, what is 375a32aa + 9?
375a3308
In base 16, what is 832 - 1898?
-1066
In base 13, what is 486c - 32b8?
1584
In base 7, what is -23 - 104031453?
-104031506
In base 12, what is 5 - -455b95?
455b9a
In base 9, what is 618230 + -83?
618136
In base 13, what is 5356 - c5?
5261
In base 10, what is -3 + -110811667?
-110811670
In base 4, what is 11322 + 13003123?
13021111
In base 16, what is 1cc633 - 4b?
1cc5e8
In base 6, what is 11 + -110324213?
-110324202
In base 11, what is -86846 - 1316?
-88061
In base 8, what is -1664 + -5541262?
-5543146
In base 6, what is -4 - -142445342?
142445334
In base 9, what is 5 - 3118256?
-3118251
In base 7, what is 0 + -1203201554?
-1203201554
In base 3, what is 220002122122 - -101?
220002200000
In base 4, what is -12 + 2302001222012?
2302001222000
In base 4, what is 0 + 1102222123?
1102222123
In base 7, what is -443 + -4311125?
-4311601
In base 2, what is -10001110111101000 + 10101?
-10001110111010011
In base 8, what is -6462 + -363014?
-371476
In base 5, what is 2012132102 + 11?
2012132113
In base 14, what is -4 + -1104b29?
-1104b2d
In base 5, what is -20001 - 12313312?
-12333313
In base 4, what is -3230 + 3212233021?
3212223131
In base 6, what is 22 + 3130441?
3130503
In base 3, what is 1222021 + 1220221?
10220012
In base 11, what is 4 - 7a6071?
-7a6068
In base 11, what is -287082a0 - 3?
-287082a3
In base 11, what is 2314598 + -10?
2314588
In base 3, what is -2 - -21001211212021?
21001211212012
In base 5, what is 103 + -23014430?
-23014322
In base 5, what is 13 + 1240102333?
1240102401
In base 7, what is -1124611326 - 3?
-1124611332
In base 6, what is 2524400010 - -3?
2524400013
In base 3, what is 110000 - -102000221100?
102001101100
In base 9, what is -2808643 - 0?
-2808643
In base 7, what is 4 - 43356625?
-43356621
In base 9, what is -1343 - -341661?
340317
In base 7, what is 1 - 13423022?
-13423021
In base 2, what is -11001110100100111 + 1100100110?
-11001101000000001
In base 14, what is 22d + 78b5?
7b04
In base 7, what is -26 - -243304265?
243304236
In base 5, what is -13121020 - 43143?
-13214213
In base 9, what is -35886421 + 0?
-35886421
In base 15, what is 0 - -1e6a83d?
1e6a83d
In base 11, what is -69560315 - 5?
-6956031a
In base 8, what is -75761 - -20432?
-55327
In base 7, what is 3440 - -640?
4410
In base 10, what is 47 + -552018?
-551971
In base 11, what is -7a17aa + -4?
-7a1803
In base 3, what is -11 + 120000120012211?
120000120012200
In base 15, what is 1c5d - 6a3?
15aa
In base 12, what is 12009 - -b1?
120ba
In base 12, what is -1 - -4402a5bb?
4402a5ba
In base 4, what is 22003 - -11112112111?
11112200120
In base 6, what is -100045 - -15254?
-40351
In base 12, what is 8 - 11a085a?
-11a0852
In base 14, what is -4 + -2c428ad?
-2c428b3
In base 7, what is 10052046463 - 1?
10052046462
In base 4, what is 12321130232 + -103?
12321130123
In base 15, what is 44b + -21?
42a
In base 9, what is -45 - 6151327?
-6151373
In base 12, what is 5 - -147a9380?
147a9385
In base 14, what is 2069d - 4c?
20651
In base 7, what is -2450 - 111402?
-114152
In base 10, what is 23608 + -3076?
20532
In base 7, what is 5546 + -23112?
-14233
In base 3, what is 10211 - 11221212101?
-11221201120
In base 4, what is -1330123032122 + 1?
-1330123032121
In base 14, what is 1b4 - 1d57c7?
-1d5613
In base 9, what is 11836 + -2355?
8471
In base 13, what is 2 - 6cac380?
-6cac37b
In base 8, what is 147 - 127?
20
In base 11, what is -2072 - -683?
-149a
In base 15, what is -117 + -16de5?
-1700c
In base 10, what is -26717 + 5323?
-21394
In base 16, what is eddd + 7c7?
f5a4
In base 6, what is 51320 + 11452?
103212
In base 5, what is 42133 + 224324?
322012
In base 13, what is 10261 + 2649?
128aa
In base 4, what is -122331021121 + -12?
-122331021133
In base 3, what is 2101110 + 2010112000?
2012220110
In base 6, what is -1 + -235110334?
-235110335
In base 9, what is -2238 + 34401?
32152
In base 3, what is -12 + 1011200201212102?
1011200201212020
In base 14, what is -bd738a6 + 0?
-bd738a6
In base 7, what is 12065 + -562612?
-550514
In base 10, what is 52 + 36417?
36469
In base 7, what is 22515 - -2220?
25035
In base 3, what is -101201 - -210021022222?
210020221021
In base 11, what is -238059 + -381?
-23842a
In base 6, what is -50351 - 330?
-51121
In base 16, what is -1c9b9e8 - 1f?
-1c9ba07
In base 10, what is 0 + -9261236?
-9261236
In base 12, what is -1a1 - a0a16a?
-a0a34b
In base 15, what is -190e5 + 312?
-18cd3
In base 3, what is 12 + -22011010202120?
-22011010202101
In base 10, what is 375 + 13030?
13405
In base 11, what is 1232 + -337793?
-336561
In base 13, what is -166b - -228b?
920
In base 12, what is 4 - -127167b?
1271683
In base 12, what is 99735 + b6a?
9a6a3
In base 9, what is 4 + 304163835?
304163840
In base 2, what is 10 + 10110001010011111101100000000?
10110001010011111101100000010
In base 7, what is 21155636 + -6?
21155630
In base 16, what is -bc09 + f6?
-bb13
In base 2, what is -10010111000101111 + -101101001?
-10010111110011000
In base 4, what is -32232022 - -200?
-32231222
In base 14, what is 525 - -14a5?
19ca
In base 6, what is -103 + 1035552501?
